8)). Suppose t*c + 39 = 103. Calculate the remainder when (4 - (6 - 0))*-15 is divided by c.
14
Let c = 104 + -98. What is the remainder when 74 is divided by 75/7 - c/(-21)?
8
Let z(j) = -22*j - 199. Let y be z(-9). Calculate the remainder when 224 is divided by y + 11/((-55)/(-380)).
74
Let c be (-3)/(-4 + 53/13). Let w = c + 134. What is the remainder when w is divided by 16?
15
Suppose 2*w - 7*w + 175 = 0. What is the remainder when (2 + -1)/(((-429)/(-286))/(3753/6)) is divided by w?
32
Let y(a) = 9*a**3 - a**2 + 6. Let l be y(3). Suppose -328 = -11*d - l. What is the remainder when 29 is divided by d?
5
Let x(t) = -2*t**3 + 40*t**2 + t - 8. Let b = 39 - 19. Calculate the remainder when 17 is divided by x(b).
5
Let y = 8416 - 5534. Calculate the remainder when y is divided by 957.
11
Let u(n) = -2*n**2 + 3*n + 16. Let o be u(5). Let t(b) = -4*b - 1. Calculate the remainder when t(o) is divided by (-76)/(-6)*(-15)/(-10).
18
Let z = 5410 + -5105. What is the remainder when z is divided by 55?
30
Let b(w) = -w**3 - 29*w**2 - 210*w - 4. Calculate the remainder when 1845 is divided by b(-13).
19
Suppose -82*t = -87*t + 3*h + 4924, -5*t = 3*h - 4906. Calculate the remainder when 2950 is divided by t.
1
Let j = 14432 + -13997. Calculate the remainder when j is divided by 134.
33
Let m be -7 + (6 + -1)*109. Let a = -326 + m. What is the remainder when a is divided by 31?
26
Suppose -7 - 13 = -3*y - 5*i, i = -2. Let w be 1040/494 - (-3 + ((-85)/95 - -4)). Suppose -w*n = -y*n + 464. Calculate the remainder when n is divided by 16.
10
Let j(h) = 5*h**2 - h. Suppose -99*u + 470 + 5866 = 0. Calculate the remainder when u is divided by j(2).
10
Let y(j) = 44*j**2. Let s = 381 - 390. What is the remainder when s*16/24*-29 is divided by y(-1)?
42
Suppose 6*u - 5*l - 105 = 51, -4*u + 104 = -3*l. What is the remainder when 4278 is divided by u?
14
Suppose -38 - 6 = -4*g. Let y = -34 + 43. Let b(f) = -f**2 + 18*f - 38. What is the remainder when b(y) is divided by g?
10
Let m be 1*(-3 - (-4 - -1)). What is the remainder when ((-6)/4)/((-5244)/(-528) - 10) is divided by (-9)/(m/(-1) - 1)?
4
Suppose -i - 3*u + 82 = 0, 240*i + 358 = 245*i + 2*u. Calculate the remainder when 152 is divided by i.
12
Suppose -74*h - 365 + 4139 = 0. What is the remainder when 1213 is divided by h?
40
Let d(g) = g**2 - 8*g - 30. Let f be d(-3). Let k(w) = 30*w + 7. What is the remainder when k(f) is divided by 23?
5
Let i(v) = -82*v + 81 + 79*v - 15. Let b be i(0). Suppose b = 3*m - 33. What is the remainder when m is divided by 17?
16
Let j = 439 + 760. What is the remainder when j is divided by 201?
194
Let t = -17224 + 20259. What is the remainder when t is divided by 4?
3
Let n(x) = 2*x**2 - 12*x + 13. Let f(d) = 14*d**2 - 30*d - 10. Calculate the remainder when n(9) is divided by f(-1).
33
Let a = 53 - 53. Suppose 6 = f + 5*p + 24, -2*p + 8 = a. Let z = -28 - f. What is the remainder when 19 is divided by z?
9
Let n = -417 + 731. What is the remainder when n is divided by 17?
8
Suppose -4*a = 5*w - 2713, -a + 1621 = 3*w - 2*a. What is the remainder when w is divided by 14?
9
Suppose -63 = -3*h - 2*q - 43, 2*q = 5*h - 60. Let g(j) = j**2 + 78*j - 837. What is the remainder when (42/(-8))/((-2)/32) is divided by g(h)?
41
Suppose 1060 = 2*d - v, 4*d - 24*v + 20*v = 2112. What is the remainder when d is divided by 158?
58
Let j(y) = -y**2 - y + 4. Let t(x) = 5*x**2 - 6*x - 44. Let a(b) = -4*j(b) - t(b). What is the remainder when a(8) is divided by 29?
15
Suppose -185*d + 193*d = 160. Suppose -d*u = -1242 - 2258. What is the remainder when u is divided by 36?
31
Let d be 4/(-18) + (-7084)/(-693). Suppose 1390 = d*v - 410. Calculate the remainder when v is divided by 47.
39
Let y(c) = 15*c**2 + 233*c - 2380. What is the remainder when y(10) is divided by 162?
154
Suppose 0 = -3*k - 5*g - 11, -3*k + 25 = -4*g - 0*g. Suppose -77 = -5*m - k*s, -4*m - 2*s + 72 = 3*s. Calculate the remainder when m is divided by 2.
1
Let l(i) = -i**3 + 20*i**2 + 44*i - 2. What is the remainder when l(20) is divided by 55?
53
Suppose 4*j = -4*l + 1666 + 310, -2*j - 5*l + 994 = 0. What is the remainder when j is divided by 46?
32
Suppose -5*d = -2*f - 166, -3*d + 111 = -0*d - 5*f. Let n(a) = 89*a**2 + 95*a + 95. What is the remainder when n(-1) is divided by d?
25
Suppose 4*z + 4*c - 135 = 185, -409 = -5*z + 4*c. Let g = z - 55. What is the remainder when -200*(-9)/(14 - -22) is divided by g?
24
Let m(o) = -o**2 + 10*o - 6. Suppose 0 = 4*b - 5*b + 2. Suppose 5*f - 5*x - 30 = 0, -f - b*f + x + 20 = 0. What is the remainder when 133 is divided by m(f)?
13
Let n be (0/2)/(-4 + 15/3). Suppose 0 = 2*y, 10*j - 5*j - 3*y - 185 = n. What is the remainder when j is divided by 19?
18
Calculate the remainder when 0*(-3)/(-18) - -609 is divided by 23.
11
Suppose 65*i = 143*i - 59*i - 10412. Calculate the remainder when 1675 is divided by i.
31
Calculate the remainder when (1848/(-77))/(3/(-122)) is divided by 219.
100
Suppose 0 = -4*x - 5*t - 711, 5*x = 4*t - 7*t - 892. Let r = -170 - x. Calculate the remainder when r is divided by 7.
2
Let i = -932 - -1024. What is the remainder when i is divided by 12?
8
Calculate the remainder when 588 is divided by (-18)/(-10)*(12 - (-1110)/45).
60
Calculate the remainder when (-14)/(-3)*(160986/196 - (-30)/(-35)) is divided by 160.
149
Let z = -41 + 70. Let f(x) = x**2 - 8*x - 18. Let d be (72/(-15))/(3 + (-33)/10). Calculate the remainder when f(d) is divided by z.
23
What is the remainder when 207 is divided by -259*1/28*-8?
59
Let o = 464 + -447. Suppose 19*b = o*b + 54. What is the remainder when 1023 is divided by b?
24
Let b = 6 - 1. Suppose 5*x - 250 = -b*k, 0 = -2*x + x + 5*k + 56. Let j = x + -44. Calculate the remainder when 17 is divided by j.
3
What is the remainder when (-4 - 3 - -1) + (13 + -20 - -138) is divided by (-3 - -4) + (1 - -7)?
8
Let g(v) = v**3 - 4*v**2 + 81*v - 400. Calculate the remainder when g(5) is divided by (-66)/(-8) - 2/8.
6
Let b(h) = -h**3 - 27*h**2 + 58*h + 56. Let o be b(-29). Suppose f = o - 43. Calculate the remainder when 1000 is divided by f.
12
Let z = -7012 - -8610. What is the remainder when z is divided by 94?
0
Let p = -159 + 148. Let f = 495 + p. What is the remainder when f is divided by 18?
16
Let t be 0 - (1 - (-3 + 6)). Let y be ((-6)/(-4) - -4) + (-3)/t. Suppose -h + 15 = y*h. Calculate the remainder when 11 is divided by h.
2
Suppose 2*b = -12, 4*v - 234 - 946 = 4*b. What is the remainder when v is divided by 150?
139
Suppose 22 = -10*z + 2. Let y be z + 9 + (-3 - -4 - -1). What is the remainder when 10 is divided by 1/(y/(-15))*-3?
0
Let c = 6396 + -6351. Calculate the remainder when 570 is divided by c.
30
Let x = -7 + 10. Let o(y) = 8*y - 9. Let u be o(x). Let p = 35 + u. Calculate the remainder when p is divided by 13.
11
Suppose 7*r + 33*r - 358200 = 0. What is the remainder when r is divided by 35?
30
Let c = 29926 + -29828. Calculate the remainder when 531 is divided by c.
41
What is the remainder when ((-4357)/(-2) - (-10)/(-5)) + (-15)/10 is divided by 198?
195
Let z = -19102 - -19624. What is the remainder when z is divided by 177?
168
Let g(s) = 2*s**3 - 3*s**2 + 4*s - 3. What is the remainder when (1312/(-738))/((-5)/45) is divided by g(2)?
7
Let z(h) = h**2 + 17*h - 54. Let w be (-1)/(34/(-220) - (-5)/25). Calculate the remainder when z(w) is divided by (57/(-2))/(3/(-2)).
18
Suppose 3*m - 351*f - 1371 = -348*f, -5*m + 2288 = -4*f. Calculate the remainder when m is divided by 17.
1
Suppose 451*q = 455*q + j - 5169, 5*j = -5*q + 6450. What is the remainder when 1301 is divided by q?
8
Let n(c) = 2*c + 4. Let p(f) = 2*f + 3. Let u(j) = 4*n(j) - 5*p(j). Calculate the remainder when (-209 + 179)/(3/(-5)) is divided by u(-6).
11
Let n = -55 - -84. Let q(v) = v**3 + 13 + 27*v**2 + 15*v + 3*v**2 - 4*v**2 - 15*v**2 - 2*v. What is the remainder when q(-6) is divided by n?
28
Suppose 2*i = -201 - 491. Let h = i - -379. What is the remainder when h is divided by (-6)/15 - 87/(-5)?
16
Let b(l) = -115 + 10*l + 20*l + 55. What is the remainder when b(6) is divided by 62?
58
Suppose 13*g - 37 = 28. Suppose -2*k + g*x = 6 - 30, -2*k = -x - 40. Calculate the remainder when 41 is divided by k.
19
Let p(u) = -u**3 - 16*u**2 - 